{"id":84,"date":"2013-08-14T15:59:18","date_gmt":"2013-08-14T13:59:18","guid":{"rendered":"http:\/\/debian\/sonjasuss-kunstgalerie.de\/?page_id=84"},"modified":"2018-07-29T21:19:52","modified_gmt":"2018-07-29T19:19:52","slug":"links","status":"publish","type":"page","link":"https:\/\/www.sonjasuss-kunstgalerie.de\/?page_id=84","title":{"rendered":"Links"},"content":{"rendered":"<p>Mein Ziel mit den nachfolgenden Links soll es sein, K\u00fcnstler aus meiner Region oder auch dar\u00fcber hinaus zu pr\u00e4sentieren und n\u00e4her in den Fokus meiner Besucher zu r\u00fccken. Auf lange Sicht gesehen w\u00e4re es w\u00fcnschenswert, wenn sich die K\u00fcnstler untereinander kennen und sich gegebenenfalls als Gruppe organisieren.<\/p>\n<p><strong>Malkunst<br \/>\n<\/strong><\/p>\n<p><a title=\"Tamara Tsch\u00f6pe\" href=\"http:\/\/www.ttswelt.de\" target=\"_blank\" rel=\"noopener\">Tamara Tsch\u00f6pe<\/a><\/p>\nngg_shortcode_0_placeholder\n<p><a href=\"http:\/\/kunsthaus-muehlhausen.de\" target=\"_blank\" rel=\"noopener\"> Kunsthaus M\u00fchlhausen<\/a><\/p>\nngg_shortcode_1_placeholder\n<p><a title=\"Majo\" href=\"http:\/\/www.majo-the-artist.de\" target=\"_blank\" rel=\"noopener\">Mario St\u00f6\u00dfel<\/a><\/p>\nngg_shortcode_2_placeholder\n<p><a title=\"fineart\" href=\"http:\/\/www.emotions-in-fineart.com\" target=\"_blank\" rel=\"noopener\">Ringo Schwipp<\/a><\/p>\nngg_shortcode_3_placeholder\n<p><strong> Textilkunst<\/strong><\/p>\n<p><a href=\"http:\/\/maajey.de\" target=\"_blank\" rel=\"noopener\">Manuela Su\u00df<\/a><\/p>\nngg_shortcode_4_placeholder\n<p><a title=\"be-sweet.de\" href=\"http:\/\/be-sweet.de\" target=\"_blank\" rel=\"noopener\">Melanie Hasch<\/a><\/p>\nngg_shortcode_5_placeholder\n<p><a title=\"Pilzkoepfchen\" href=\"http:\/\/www.pilzkoepfchen.de\" target=\"_blank\" rel=\"noopener\">Katrin Klingstein<\/a><\/p>\nngg_shortcode_6_placeholder\n<p><strong>Unterhaltungskunst<\/strong><\/p>\n<p><a title=\"Prashant\" href=\"http:\/\/www.prashant.de\" target=\"_blank\" rel=\"noopener\">Prashant Prabhakar (Deutsch-Indischer Schauspieler bekannt aus Stromberg, Perfekte Dinner und Ich bin Boes) <\/a><\/p>\nngg_shortcode_7_placeholder\n<p><a title=\"Samba Mente\" href=\"https:\/\/de-de.facebook.com\/pages\/Samba-Mente\/366704370035651\" target=\"_blank\" rel=\"noopener\">Samba Mente<\/a><\/p>\nngg_shortcode_8_placeholder\n<p><a title=\"3K\" href=\"http:\/\/www.3k-theaterwerkstatt.de\" target=\"_blank\" rel=\"noopener\">3K Theaterwerkstatt<\/a><\/p>\nngg_shortcode_9_placeholder\n<p><strong>Weitere interessante Links<\/strong><\/p>\n<p><a title=\"Yogahealing.de\" href=\"http:\/\/www.Yogahealing.de\" target=\"_blank\" rel=\"noopener\">Yogahealing.de &#8211; Georg Bratfisch<\/a><\/p>\n<p><a href=\"http:\/\/www.melech.de\">Frank Melech<\/a>&nbsp;<\/p>\n<p><a href=\"http:\/\/info.yvonne-neubeck.de\">Yvonne Neubeck<\/a><\/p>\n<p><a href=\"http:\/\/www.umschlagplatz-coburg.de\">Umschlagplatz in Coburg<\/a><\/p>\n<p><a href=\"https:\/\/www.google.com\/url?sa=t&amp;source=web&amp;rct=j&amp;url=https:\/\/www.flickr.com\/photos\/vogteifoto\/&amp;ved=2ahUKEwiDo-rOorXcAhWMaVAKHZpTA10QFjAAegQIBRAB&amp;usg=AOvVaw1zKdy5d3g8zgSXJ79od7-t\">VogteiFoto Jens Fischer<\/a><\/p>\n<p><a href=\"https:\/\/www.creative-kunst-und-malerei.com\">Cornelia Schmidt<\/a><\/p>\n<p><a href=\"https:\/\/www.thomas-haase-bollstedt.de\">Thomas Haase<\/a><\/p>\n","protected":false},"excerpt":{"rendered":"<p>Mein Ziel mit den nachfolgenden Links soll es sein, K\u00fcnstler aus meiner Region oder auch dar\u00fcber hinaus zu pr\u00e4sentieren und n\u00e4her in den Fokus meiner Besucher zu r\u00fccken. Auf lange Sicht gesehen w\u00e4re es w\u00fcnschenswert, wenn sich die K\u00fcnstler untereinander kennen und sich gegebenenfalls als Gruppe organisieren. Malkunst Tamara Tsch\u00f6pe Kunsthaus M\u00fchlhausen Mario St\u00f6\u00dfel Ringo [&hellip;]<\/p>\n","protected":false},"author":1,"featured_media":0,"parent":0,"menu_order":35,"comment_status":"closed","ping_status":"closed","template":"","meta":{"ngg_post_thumbnail":0,"footnotes":""},"class_list":["post-84","page","type-page","status-publish","hentry"],"_links":{"self":[{"href":"https:\/\/www.sonjasuss-kunstgalerie.de\/index.php?rest_route=\/wp\/v2\/pages\/84","targetHints":{"allow":["GET"]}}],"collection":[{"href":"https:\/\/www.sonjasuss-kunstgalerie.de\/index.php?rest_route=\/wp\/v2\/pages"}],"about":[{"href":"https:\/\/www.sonjasuss-kunstgalerie.de\/index.php?rest_route=\/wp\/v2\/types\/page"}],"author":[{"embeddable":true,"href":"https:\/\/www.sonjasuss-kunstgalerie.de\/index.php?rest_route=\/wp\/v2\/users\/1"}],"replies":[{"embeddable":true,"href":"https:\/\/www.sonjasuss-kunstgalerie.de\/index.php?rest_route=%2Fwp%2Fv2%2Fcomments&post=84"}],"version-history":[{"count":29,"href":"https:\/\/www.sonjasuss-kunstgalerie.de\/index.php?rest_route=\/wp\/v2\/pages\/84\/revisions"}],"predecessor-version":[{"id":473,"href":"https:\/\/www.sonjasuss-kunstgalerie.de\/index.php?rest_route=\/wp\/v2\/pages\/84\/revisions\/473"}],"wp:attachment":[{"href":"https:\/\/www.sonjasuss-kunstgalerie.de\/index.php?rest_route=%2Fwp%2Fv2%2Fmedia&parent=84"}],"curies":[{"name":"wp","href":"https:\/\/api.w.org\/{rel}","templated":true}]}}